a + 4*q. Let y be 152/(-24) + 2/a. Let z(f) be the third derivative of f**5/60 + f**4/4 - f**3/2 + f**2. What is z(y)?
-3
Let h(a) = -a + 1. Let s = 53 - 53. Give h(s).
1
Suppose 79*v - 76*v - 3*g = 21, 0 = 5*g + 25. Let l(r) = -2*r**2 + 4. Calculate l(v).
-4
Let p(w) = w + 9. Let c(x) = -4*x - 27. Let m(y) = 2*c(y) + 7*p(y). Suppose -2*l - 26 = -5*d + d, -4*d - 5*l + 33 = 0. What is m(d)?
2
Let a be 4/(-14) - 0 - (-1235)/35. Let y(v) = -69*v + a*v + 33*v. Determine y(5).
-5
Let q(f) = f**2 + 5*f - 5. Suppose -36*i + 31*i + 475 = 0. Let d = -100 + i. Calculate q(d).
-5
Suppose -3*m - 4*t = -21, -5*t = 3*m - 3*t - 21. Let s(h) = -h**2 + 7*h + 3. Give s(m).
3
Let j = 5 + 26. Let n = 34 - j. Let u(q) = 2*q**2 - q - 3. Give u(n).
12
Let z(g) be the third derivative of -g**4/24 + g**3/3 - g**2. Let h = -1105 - -1105. Determine z(h).
2
Let q = -5 - -9. Let r = q - 10. Let d(b) be the first derivative of b**3/3 + 3*b**2 - 3*b + 33. What is d(r)?
-3
Let b(j) be the third derivative of j**6/120 - j**5/10 + j**4/24 - 97*j**2. Determine b(5).
-20
Let w(t) = -14 - 15 + 4 + 7*t + 4*t**2. Let c(b) = b**2 + 2*b - 8. Let j(z) = -7*c(z) + 2*w(z). What is j(0)?
6
Let i(n) = 36*n + 168. Let y be i(-5). Let s(b) = -b**3 - 12*b**2 + 1. Determine s(y).
1
Let y(r) be the second derivative of -r**4/12 - r**3/6 - 2*r**2 + 155*r + 2. Determine y(0).
-4
Let q(i) be the first derivative of -i**5/10 - i**4/12 + i**2/2 + 15*i + 9. Let h(j) be the first derivative of q(j). Suppose 4 = -0*s - 4*s. Calculate h(s).
2
Suppose -244*l = -217*l. Let c(d) = d**3 + d**2 - d - 1. What is c(l)?
-1
Let t(m) = -2*m**2 - m - 2. Let x = 23 - 3. Let q = -22 + x. Give t(q).
-8
Let q(g) be the second derivative of 11*g**3/6 - 47*g. Determine q(-3).
-33
Let o = -1368 + 1362. Let g(r) = r**2 + 9*r + 5. Give g(o).
-13
Let f(l) = -l**3 + 2*l**2 + l. Let w be f(2). Let i(x) = 11 - 3 + x**w + x + 9*x. Calculate i(-6).
-16
Let j(f) be the first derivative of f**4/24 - f**3/2 - 3*f**2 - 26. Let r(l) be the second derivative of j(l). Determine r(-4).
-7
Let y(r) = 2*r + 7. Let d(u) = u + 2. Let p(t) = 11*d(t) - 4*y(t). Let s = -22 - -29. Calculate p(s).
15
Let n(f) = 8*f + 32. Let a(d) = -7. Let o(j) = 5*a(j) + n(j). Give o(-3).
-27
Let a be (4/5)/((-8)/(-20)). Suppose -a*f + 5 = 1. Let m(h) = -6*h**2 - h**3 + 0*h**2 + 10*h**f - 3. Calculate m(3).
6
Let v(n) = 0*n**2 - 5*n**2 + 4*n**2 + 2*n + 4. Let y be ((-2 + 2)/2)/2. Suppose p + 9 = 3*d, y*d + 2*d - 11 = -p. What is v(d)?
-4
Let a = 20 - 22. Let h(x) = 3*x + 0*x - 2 - 4*x - 5*x. Give h(a).
10
Let b(q) = -25*q**2 - 2*q + 1. Let d = 664 - 663. What is b(d)?
-26
Let k(b) be the third derivative of b**5/20 - b**4/12 + b**3/6 + 11*b**2 + 3*b. Let q(i) = 2*i**2 + 3*i - 7. Let n be q(-3). Give k(n).
9
Let a(g) = -4*g - 3 - g + 0*g + 2. Suppose -42*f = -37*f + 2*u + 9, -4*f + 5*u + 6 = 0. What is a(f)?
4
Suppose -5*o - 10 = -10*o. Suppose 2*k - o + 0 = 0. Suppose k = -5*z - 4. Let j(d) = 6*d**3 + 2*d**2 - 1. What is j(z)?
-5
Suppose 4*p = -u + 2*u - 16, 3*p = -u - 5. Let v be (-10)/u - 2/(-4). Let r(h) = 3*h + 2*h**2 - 8*h**2 + 6*h**2 + 2*h**2 + 2. Calculate r(v).
4
Let c(x) = x + 13. Let h be 0 + -26*5/(-10). Determine c(h).
26
Let l(n) = 2*n**2 + 13*n - 8. Let w(k) = -k**2 - 7*k + 4. Let j(u) = -2*l(u) - 5*w(u). What is j(-7)?
-18
Let c = 1 + -11. Let s = c - -12. Let a(j) = 0*j**2 + 2 - 2*j**s - 2 + 2*j**3 + 1. Give a(1).
1
Let p(s) = -s**3 - 5*s**2 - 3*s - 1. Let t(o) = -6*o**3 - 25*o**2 - 16*o - 4. Let h(u) = 11*p(u) - 2*t(u). Let q(j) = 102*j - 97. Let y be q(1). Give h(y).
-8
Let x(g) = -g**2 + 2*g - 3. Let p be (-265)/(-55) - 2/(-11). Determine x(p).
-18
Let h(o) = 5 + 1 + 1 - 1 - o. Suppose -4*m = -192 + 164. Determine h(m).
-1
Let p(g) = 5*g**3 - 12*g**2 + 9*g - 13. Let d(o) = -o**3 + 3*o**2 - 2*o + 3. Let h(w) = 9*d(w) + 2*p(w). Let j be (-6)/12 + 3/(-6) + -2. Determine h(j).
1
Let l = -58 - -30. Let h = l + 28. Let f = h - 0. Let i(w) = w + 6. Determine i(f).
6
Let u(h) = -5*h**3 - 11*h**2 - 9*h - 22. Let d(a) = 4*a**3 + 10*a**2 + 9*a + 20. Let w(z) = 4*d(z) + 3*u(z). Determine w(-6).
-4
Let t(a) = 3*a - 4*a - 1 + 0*a + 4*a. Let f = 11 - 13. Let q(p) = -7*p + 2. Let n(d) = f*q(d) - 5*t(d). Determine n(-4).
5
Let j(m) = -35*m + 6 + 2 + 32*m - 16. Determine j(-7).
13
Let t(b) = -b**2 + b - 1. Let n(y) = y**3 - 5*y**2 + 3*y + 7. Let a(s) = n(s) + 2*t(s). Let q be (378/(-630))/(1 - (-22)/(-20)). Give a(q).
-1
Let v = 0 - 8. Let w be (6/v)/(2/8). Let r(k) = 4*k - 66*k**2 + 35*k**2 + 1 + 32*k**2. What is r(w)?
-2
Suppose v - 3*j = 4*v + 9, 5*v - 35 = 5*j. Suppose 2*s + v = -4. Let x(n) = 3*n + 3. Let h(i) = 12*i + 12. Let r(g) = 4*h(g) - 15*x(g). What is r(s)?
-6
Let q(r) = -8*r - 2. Let c(d) = 2*d**3 + 14*d**2 - 13*d - 86. Let p be c(-7). Determine q(p).
-42
Let j be (-5)/(-10)*(145 - -2 - 1). Let l = -71 + j. Let g(d) = 2*d**3 - 2*d**2 + 1. Give g(l).
9
Suppose 0 = 3*q - 9*q + 60. Suppose 6*w = q*w - 24. Let c(d) = -d**3 + 5*d**2 + 6*d + 3. Calculate c(w).
3
Let d = -22 + 10. Let c be d/15 - 12/(-15). Let a(s) = s + 4. Let l(r) = -r + 1. Let n(x) = -a(x) - 2*l(x). Determine n(c).
-6
Let d(c) = -2*c + 1. Let g be (-40)/6 + (-10)/30. What is d(g)?
15
Let r(l) be the third derivative of l**4/6 + 19*l**3/6 + l**2. Determine r(-8).
-13
Let p(y) = 4*y + y**2 - 2884 - y + 2884 + 3*y. Suppose 0 = -c - 0*x + 3*x - 15, 4*c + 3*x = -15. What is p(c)?
0
Let z(c) = -5*c**2 - 102*c - 39. Let y be z(-20). Let d(q) = -19*q**2 + 2*q - 1. Determine d(y).
-18
Let f(a) = 4*a + a + 1 - 24*a + 2*a. Determine f(1).
-16
Let w = -192 - -188. Let y(a) = -a**3 - 4*a**2 + a + 9. What is y(w)?
5
Suppose 3*w - 10 - 2 = -b, -5*b - w + 18 = 0. Suppose b*h - 8 = -5. Suppose 10 = 3*p + h. Let k(v) = v**2 + v. Determine k(p).
12
Let o(h) = -h**2 + 17*h - 32. Suppose -46 = -32*t + 402. What is o(t)?
10
Let j(k) = 2*k - 6. Let h(f) = 2*f - 5. Let z(x) = -4*h(x) + 3*j(x). Let l(g) = -g**2 - 4*g + 5. Let d be l(-4). Let a = d + -3. Determine z(a).
-2
Let x(j) = -5*j**3 - j - 1. Suppose -v = 2*v - 36. Let t be (-2 + 28/v)*-3. What is x(t)?
5
Suppose 29 = -3*m - 4. Let h(l) = l + 11. What is h(m)?
0
Let y(x) = x**2 - x + 5. Suppose 13*g = 6 - 45. Determine y(g).
17
Let n(m) be the first derivative of m**4/4 - 7*m**3/3 - 11*m**2/2 - 4*m - 270. What is n(8)?
-28
Let j(s) be the first derivative of -s**2 + 2*s - 22. Calculate j(4).
-6
Let k(i) = i + 2. Let q = 17 - 10. Let g = 38 - 47. Let a = g + q. What is k(a)?
0
Let i(z) = 5*z**3 - z**2 - z - 1. Let m be i(-1). Let f be m/(5 + 34/(-8)). Let j(u) = -u + 3. What is j(f)?
11
Let s(h) = 3*h**2 + 2*h + 1. Suppose -4*p - 6 + 2 = 0. What is s(p)?
2
Let z(b) = -8*b + 159 + 11*b - 161. Suppose 0*y - 3*y - 6 = 0. Calculate z(y).
-8
Suppose 10*k + 8 - 38 = 0. Suppose -k*p - 21 = 3*s, -3*p + 13 = -2*p - 4*s. Let n(x) = 3*x + 4 - 4*x + 3*x + x**2. Calculate n(p).
7
Let t(k) = 4 + 6 - 5*k + 3 + 5 + 3. What is t(6)?
-9
Let i = 2 - 0. Let a be (-9)/6 + i/4. Let p(h) = 10*h**2 - 2*h - 1. Let x(c) = -9*c**2 + 2*c + 1. Let u(l) = -4*p(l) - 5*x(l). Determine u(a).
6
Suppose 3*i = 7*i + 24. Let c be 1 - 1*(-5 - (-4 + 0)). Let t(g) = g**3 + g**c - 5*g - 4 + 4*g**2 + 0*g**3 + 2. Give t(i).
-8
Let f(w) = w**3 + 3*w**2 + 5*w + 5. Suppose 0 = -3*h + 4*p + 3, -7*h + 12*h + 6 = 3*p. Give f(h).
-10
Let q(t) = -t**3 + 4*t**2 + 2. Let c be q(4). Let p(a) = 90*a + 0 + 2 - 94*a - 2 + 1. Calculate p(c).
-7
Let d(j) = -j**3 - 2*j**2 - j. Let c be d(-1). Let m(b) be the second derivative of -1/6*b**3 + 0 + c*b**2 + 1/12*b**4 - b. Determine m(0).
0
Let v(a) = -a**2 - 6*a + 6. Suppose 5*c + 144 + 536 = 0. Let i = -143 - c. Give v(i).
-1
Let q(z) = 2*z**2 + 3*z + 1. Let c be (4 - 7)/(3/2). Let r = 3 - c. Suppose 7 = -4*h - r. Calculate q(h).
10
Let y be -2 + 0 - (3 + -7). Let r(q) = q - y - 2 + q. Let b be r(3). Let l(h) = 3*h**2 - 2*h - 2. What is l(b)?
6
Let n(f) = f**2 - 13*f + 15. Let t be n(12). Suppose -t*u + 15 = -6. Let h be u - (9/(-3) - -5). Let s(m) = 2*m - 1. Give s(h).
9
Let r(s) = -s + 5. Let m = -158 + 153. Calculate r(m).
10
Let v(i) be the first derivative of -1/60*i**5 + 0*i**2 + 1/360*i**6 - 5/3*i**3 + 0*i - 3 - 1/6*i**4. Let n(f) be the third derivative of v(f). Give n(4).
4
Let q(w) be the third derivative of w**6/120 - w**5/12 - w**4/6 - 4*w**3/3 -